{"id":122,"date":"2020-02-22T13:24:47","date_gmt":"2020-02-22T13:24:47","guid":{"rendered":"http:\/\/schule.obs-flotwedel.de\/?page_id=122"},"modified":"2023-11-15T12:22:05","modified_gmt":"2023-11-15T12:22:05","slug":"schulsozialarbeit","status":"publish","type":"page","link":"http:\/\/schule.obs-flotwedel.de\/?page_id=122","title":{"rendered":"Schulische Sozialarbeit"},"content":{"rendered":"\n<p class=\"has-text-align-center\"><strong>Die einzige M\u00f6glichkeit ist, alles M\u00f6gliche durchzugehen.<\/strong><\/p>\n\n\n\n<p>Nach diesem\u00a0Grundsatz\u00a0bietet die Schulische Sozialarbeit der OBS\u00a0Flotwedel\u00a0ein Beratungsangebot an,\u00a0wo\u00a0gemeinsam nach\u00a0M\u00f6glichkeiten\u00a0gesucht\u00a0werden soll, um f\u00fcr pers\u00f6nliche-, famili\u00e4re-und\u00a0schulische Probleme\u00a0L\u00f6sungen zu finden.\u00a0<\/p>\n\n\n\n<p>Dieses Angebot richtet sich an Sch\u00fclerinnen und Sch\u00fcler,&nbsp;Eltern\/Erziehungsberechtigte und Lehrerinnen und Lehrer.&nbsp;<\/p>\n\n\n\n<p>Die Beratung ist freiwillig und vertraulich.<\/p>\n\n\n\n<p><strong>Angebote der Schulischen Sozialarbeit:<\/strong><\/p>\n\n\n\n<p>F\u00fcr Sch\u00fclerinnen und Sch\u00fcler<\/p>\n\n\n\n<ul>\n<li>Beratung und Unterst\u00fctzung bei pers\u00f6nlichen Problemen und Konflikten<\/li>\n\n\n\n<li>Kontakt und Begleitung zu au\u00dferschulischen Beratungs- und Hilfsangeboten<\/li>\n\n\n\n<li>Berufsorientierung<\/li>\n\n\n\n<li>Lebenswegplanung (Wege nach der Schule)<\/li>\n<\/ul>\n\n\n\n<p>F\u00fcr Eltern\/Erziehungsberechtigte<\/p>\n\n\n\n<ul>\n<li>Beratung und Unterst\u00fctzung bei Erziehungsfragen<\/li>\n\n\n\n<li>Kontakt zu Beratungs- und Hilfsangeboten<\/li>\n\n\n\n<li>Unterst\u00fctzung bei der Antragsstellung (Bildung und Teilhabe)<\/li>\n<\/ul>\n\n\n\n<p>F\u00fcr Lehrerinnen und Lehrer<\/p>\n\n\n\n<ul>\n<li>Beratung und Unterst\u00fctzung bei&nbsp;Schulproblemen von Sch\u00fclerinnen und Sch\u00fclern<\/li>\n\n\n\n<li>Teilnahme an Elterngespr\u00e4chen<\/li>\n\n\n\n<li>Kollegiale Fallberatung<\/li>\n<\/ul>\n\n\n\n<p class=\"has-text-align-center has-pale-cyan-blue-background-color has-background\"><strong>Ansprechpartner:&nbsp;<\/strong><\/p>\n\n\n\n<p class=\"has-text-align-center\">Herr Sommer<\/p>\n\n\n\n<p class=\"has-text-align-center\">marcus.sommer@obsflotwedel.de<\/p>\n\n\n\n<p class=\"has-text-align-center\">0 51 44 \u2013 6 06 48 23 oder&nbsp;9 24 97<\/p>\n\n\n\n<p class=\"has-text-align-center has-pale-cyan-blue-background-color has-background\"><strong>Sprechzeiten:<\/strong><\/p>\n\n\n\n<p class=\"has-text-align-center\">Montag bis Freitag von 8:30 Uhr bis 14 Uhr und nach Vereinbarung<\/p>\n\n\n\n<p class=\"has-text-align-center has-pale-cyan-blue-background-color has-background\"><strong>Raum 1.11<\/strong><\/p>\n\n\n\n<p> <\/p>\n","protected":false},"excerpt":{"rendered":"<p>Die einzige M\u00f6glichkeit ist, alles M\u00f6gliche durchzugehen. Nach diesem\u00a0Grundsatz\u00a0bietet die Schulische Sozialarbeit der OBS\u00a0Flotwedel\u00a0ein Beratungsangebot an,\u00a0wo\u00a0gemeinsam nach\u00a0M\u00f6glichkeiten\u00a0gesucht\u00a0werden soll, um f\u00fcr pers\u00f6nliche-, famili\u00e4re-und\u00a0schulische Probleme\u00a0L\u00f6sungen zu finden.\u00a0 &hellip; <\/p>\n","protected":false},"author":1,"featured_media":0,"parent":0,"menu_order":0,"comment_status":"closed","ping_status":"closed","template":"","meta":{"footnotes":""},"_links":{"self":[{"href":"http:\/\/schule.obs-flotwedel.de\/index.php?rest_route=\/wp\/v2\/pages\/122"}],"collection":[{"href":"http:\/\/schule.obs-flotwedel.de\/index.php?rest_route=\/wp\/v2\/pages"}],"about":[{"href":"http:\/\/schule.obs-flotwedel.de\/index.php?rest_route=\/wp\/v2\/types\/page"}],"author":[{"embeddable":true,"href":"http:\/\/schule.obs-flotwedel.de\/index.php?rest_route=\/wp\/v2\/users\/1"}],"replies":[{"embeddable":true,"href":"http:\/\/schule.obs-flotwedel.de\/index.php?rest_route=%2Fwp%2Fv2%2Fcomments&post=122"}],"version-history":[{"count":7,"href":"http:\/\/schule.obs-flotwedel.de\/index.php?rest_route=\/wp\/v2\/pages\/122\/revisions"}],"predecessor-version":[{"id":1949,"href":"http:\/\/schule.obs-flotwedel.de\/index.php?rest_route=\/wp\/v2\/pages\/122\/revisions\/1949"}],"wp:attachment":[{"href":"http:\/\/schule.obs-flotwedel.de\/index.php?rest_route=%2Fwp%2Fv2%2Fmedia&parent=122"}],"curies":[{"name":"wp","href":"https:\/\/api.w.org\/{rel}","templated":true}]}}