{"id":1444,"date":"2022-09-02T12:23:44","date_gmt":"2022-09-02T12:23:44","guid":{"rendered":"http:\/\/schule.obs-flotwedel.de\/?page_id=1444"},"modified":"2026-01-27T13:40:26","modified_gmt":"2026-01-27T13:40:26","slug":"schulprogramm-3","status":"publish","type":"page","link":"http:\/\/schule.obs-flotwedel.de\/?page_id=1444","title":{"rendered":"Schulprogramm"},"content":{"rendered":"\n<p><strong>1. Unsere Schule<\/strong><\/p>\n\n\n\n<p><strong>Situationsbeschreibung<\/strong><\/p>\n\n\n\n<p>Die Oberschule Flotwedel liegt in der gleichnamigen Samtgemeinde in der Mitgliedsgemeinde Eicklingen in einem l\u00e4ndlich gepr\u00e4gten Raum innerhalb des Landkreises Celle. Die 2012 gegr\u00fcndete Oberschule wird als ,,teilgebundene&nbsp;Ganztagsschule&#8220; gef\u00fchrt. Das Einzugsgebiet umfasst das gesamte Gebiet der Samtgemeinde Flotwedel mit den Mitgliedsgemeinden&nbsp;Br\u00f6ckel,&nbsp;Langlingen, Eicklingen sowie der Klostergemeinde Wienhausen. Die Schule verf\u00fcgt \u00fcber vier moderne, gut ausgestattete naturwissenschaftliche R\u00e4ume, einen Technikraum, zwei Computerr\u00e4ume, zwei Schulk\u00fcchen, zwei Musikr\u00e4ume, ausnahmslos&nbsp;mit interaktiven Whiteboards&nbsp;ausgestattete Klassenr\u00e4ume, eine Mensa, einen Betreuungsraum, vielf\u00e4ltige Sportanlagen in der Halle sowie auf den Au\u00dfenanlagen und zwei sch\u00fclerfreundliche Schulh\u00f6fe. Teilweise liegen Klassen- und Fachr\u00e4ume in der benachbarten Grundschule Eicklingen bzw. werden mit dieser gemeinsam genutzt.&nbsp;<\/p>\n\n\n\n<p>Mit Beginn des Schuljahres 2012\/2013 startete die Oberschule Flotwedel aufsteigend ab Jahrgang 5 mit rund 430 Sch\u00fcler\/innen, 21 Klassen, 42 Lehrern, einer Schulsozialarbeiterin, zwei Sekret\u00e4rinnen und einem Hausmeister als Zusammenschluss der Hauptschule Eicklingen und der Realschule Flotwedel.<\/p>\n\n\n\n<p>Im Schuljahr 2015\/2016 verlie\u00df der letzte Hauptschuljahrgang die Schule, im Jahr 2016\/2017 der letzte Realschuljahrgang. Somit wurde im Schuljahr 2017\/2018 dem ersten Oberschuljahrgang sein Abschlusszeugnis ausgeh\u00e4ndigt.&nbsp;<\/p>\n\n\n\n<p>Die Besonderheit der Oberschule Flotwedel liegt darin, dass sie die einzige Oberschule im Landkreis Celle ist, die jahrgangsbezogen arbeitet. Dieses integrative Konzept f\u00fchrt zu einem hohen Ma\u00df an&nbsp;Durchl\u00e4ssigkeitzwischen den Schulformen Haupt- und Realschule.<\/p>\n\n\n\n<p>An der Oberschule werden Sch\u00fcler\/innen inklusiv unterrichtet, dar\u00fcber hinaus&nbsp;werden Sch\u00fcler\/innen &nbsp;unterschiedlicher&nbsp;Herkunftssprachen in den Unterricht eingebunden.<\/p>\n\n\n\n<p>Die Sch\u00fcler\/innen k\u00f6nnen an der Oberschule Flotwedel den Hauptschulabschluss,&nbsp;den Sekundarabschluss I&nbsp;-Hauptschulabschluss, den Sekundarabschluss I&nbsp;&#8211; Realschulabschluss&nbsp;oder den Erweiterten Sekundarabschluss Isowie den F\u00f6rderschulabschluss erwerben.<\/p>\n\n\n\n<p><strong>Teilmerkmale des Schulprogramms:&nbsp;<\/strong><\/p>\n\n\n\n<p><strong>2.<\/strong> <strong>Leitbild<\/strong><br>Im Leitbild sind das gemeinsame p\u00e4dagogische Ziel- und Werteverst\u00e4ndnis sowie die Grunds\u00e4tze der Erziehung und des Unterrichts unter Ber\u00fccksichtigung der Zusammensetzung der Sch\u00fclerschaft und des regionalen Umfeldes beschrieben.Entwicklungsziele und EntwicklungsschwerpunkteAbgeleitet aus dem Leitbild sowie den identifizierten St\u00e4rken und Verbesserungspotentialen sind realistische Ziele und Schwerpunkte f\u00fcr die p\u00e4dagogische Arbeit und die sonstigen T\u00e4tigkeiten der Schule bestimmt.<\/p>\n\n\n\n<p><strong>3. Unsere St\u00e4rken (Profil&nbsp;basierend auf dem Leitbild)<\/strong><\/p>\n\n\n\n<p><strong>4. Entwicklungsziele<\/strong><br>Abgeleitet aus dem Leitbild sowie den identifizierten St\u00e4rken und Verbesserungspotentialen sind realistische Ziele und Schwerpunkte f\u00fcr die p\u00e4dagogische Arbeit und die sonstigen T\u00e4tigkeiten der Schule bestimmt.<\/p>\n\n\n\n<p><a href=\"http:\/\/schule.obs-flotwedel.de\/?page_id=1438\">Hier<\/a> finden Sie das aktuelle Schulprogramm zum Download.<\/p>\n","protected":false},"excerpt":{"rendered":"<p>1. Unsere Schule Situationsbeschreibung Die Oberschule Flotwedel liegt in der gleichnamigen Samtgemeinde in der Mitgliedsgemeinde Eicklingen in einem l\u00e4ndlich gepr\u00e4gten Raum innerhalb des Landkreises Celle. &hellip; <\/p>\n","protected":false},"author":1,"featured_media":0,"parent":0,"menu_order":0,"comment_status":"closed","ping_status":"closed","template":"","meta":{"footnotes":""},"class_list":["post-1444","page","type-page","status-publish","hentry"],"_links":{"self":[{"href":"http:\/\/schule.obs-flotwedel.de\/index.php?rest_route=\/wp\/v2\/pages\/1444","targetHints":{"allow":["GET"]}}],"collection":[{"href":"http:\/\/schule.obs-flotwedel.de\/index.php?rest_route=\/wp\/v2\/pages"}],"about":[{"href":"http:\/\/schule.obs-flotwedel.de\/index.php?rest_route=\/wp\/v2\/types\/page"}],"author":[{"embeddable":true,"href":"http:\/\/schule.obs-flotwedel.de\/index.php?rest_route=\/wp\/v2\/users\/1"}],"replies":[{"embeddable":true,"href":"http:\/\/schule.obs-flotwedel.de\/index.php?rest_route=%2Fwp%2Fv2%2Fcomments&post=1444"}],"version-history":[{"count":3,"href":"http:\/\/schule.obs-flotwedel.de\/index.php?rest_route=\/wp\/v2\/pages\/1444\/revisions"}],"predecessor-version":[{"id":2505,"href":"http:\/\/schule.obs-flotwedel.de\/index.php?rest_route=\/wp\/v2\/pages\/1444\/revisions\/2505"}],"wp:attachment":[{"href":"http:\/\/schule.obs-flotwedel.de\/index.php?rest_route=%2Fwp%2Fv2%2Fmedia&parent=1444"}],"curies":[{"name":"wp","href":"https:\/\/api.w.org\/{rel}","templated":true}]}}