{"id":282,"date":"2020-02-26T16:06:11","date_gmt":"2020-02-26T16:06:11","guid":{"rendered":"http:\/\/schule.obs-flotwedel.de\/?page_id=282"},"modified":"2022-10-14T05:34:10","modified_gmt":"2022-10-14T05:34:10","slug":"ueber-uns","status":"publish","type":"page","link":"http:\/\/schule.obs-flotwedel.de\/?page_id=282","title":{"rendered":"\u00dcber uns"},"content":{"rendered":"\n<p class=\"has-text-align-center\">Anl\u00e4sslich einer Schulstrukturreform im Landkreis Celle wurde am 01.08.2012 die Oberschule Flotwedel in Eicklingen eingerichtet. Gestartet wurde mit einem neu zusammengesetzten Kollegium der ehemaligen Realschule Flotwedel und der Hauptschule Eicklingen sowie einigen neuen Kollegen und Kolleginnen. Die Realschule und die Hauptschule wurden im Zuge der Neugr\u00fcndung aufgel\u00f6st. Begonnen wurde mit drei Oberschulklassen in Klasse 5, jeweils drei Realschulklassen und zwei Hauptschulklassen in den h\u00f6heren Jahrg\u00e4ngen.<\/p>\n\n\n\n<p class=\"has-text-align-center\">Au\u00dferdem wurde mit dem teilgebundenen Nachmittagsunterricht im Ganztag (dienstags und donnerstags) begonnen und die Lernzeit sowie Klassenprofile ins Leben gerufen.<\/p>\n\n\n\n<p class=\"has-text-align-center\">Im Fr\u00fchjahr 2014 hat sich die Oberschule Flotwedel f\u00fcr die jahrgangsbezogene Beschulung der Sch\u00fclerinnen und Sch\u00fcler entschieden. Das hei\u00dft, dass die F\u00e4cher Deutsch, Mathematik und Englisch ab Klasse 7 differenziert in G- (Grundniveau) und E-Kursen (Erweiterungsniveau) unterrichtet werden. Seit dem Fr\u00fchjahr 2016 wird das Fach Physik ab dem 9. Jahrgang ebenfalls differenziert unterrichtet.<\/p>\n\n\n\n<p class=\"has-text-align-center\">Nachdem 2016 der letzte Hauptschuljahrgang und 2017 der letzte Realschuljahrgang entlassen wurde, folgte im Sommer 2018 der erste Oberschuljahrgang.<\/p>\n\n\n\n<p class=\"has-text-align-center\">Mit ca. 360 Sch\u00fclerinnen und Sch\u00fclern&nbsp;&nbsp;in 19 Klassen, die von den Grundschulen Eicklingen, Wienhausen und Langlingen kommen und 38 Lehrkr\u00e4ften, ist die Oberschule Flotwedel mittlerweile die einzige Oberschule im Landkreis Celle, die jahrgangsbezogen und nicht schulzweigbezogen unterrichtet.<\/p>\n\n\n\n<div class=\"wp-block-file aligncenter\"><a id=\"wp-block-file--media-bd79a167-0ee4-4f48-9f19-c3bc47d6eded\" href=\"http:\/\/schule.obs-flotwedel.de\/wp-content\/uploads\/2020\/11\/Pr\u00e4sentation-OBS-Flotwedel.pdf\"><br>Hier k\u00f6nnen Sie sich eine Pr\u00e4sentation mit den wichtigsten Informationen rund um die Oberschule Flotwedel <\/a><a href=\"http:\/\/schule.obs-flotwedel.de\/wp-content\/uploads\/2020\/11\/Pr\u00e4sentation-OBS-Flotwedel.pdf\" class=\"wp-block-file__button\" download aria-describedby=\"wp-block-file--media-bd79a167-0ee4-4f48-9f19-c3bc47d6eded\">Herunterladen<\/a><\/div>\n\n\n\n<figure class=\"wp-block-image alignwide size-large\"><img decoding=\"async\" loading=\"lazy\" width=\"1024\" height=\"730\" src=\"http:\/\/schule.obs-flotwedel.de\/wp-content\/uploads\/2021\/03\/Flyer_OBS_Flotwedel_21-1024x730.jpg\" alt=\"\" class=\"wp-image-923\" srcset=\"http:\/\/schule.obs-flotwedel.de\/wp-content\/uploads\/2021\/03\/Flyer_OBS_Flotwedel_21-1024x730.jpg 1024w, http:\/\/schule.obs-flotwedel.de\/wp-content\/uploads\/2021\/03\/Flyer_OBS_Flotwedel_21-300x214.jpg 300w, http:\/\/schule.obs-flotwedel.de\/wp-content\/uploads\/2021\/03\/Flyer_OBS_Flotwedel_21-150x107.jpg 150w, http:\/\/schule.obs-flotwedel.de\/wp-content\/uploads\/2021\/03\/Flyer_OBS_Flotwedel_21-768x547.jpg 768w, http:\/\/schule.obs-flotwedel.de\/wp-content\/uploads\/2021\/03\/Flyer_OBS_Flotwedel_21-1536x1095.jpg 1536w, http:\/\/schule.obs-flotwedel.de\/wp-content\/uploads\/2021\/03\/Flyer_OBS_Flotwedel_21.jpg 1789w\" sizes=\"(max-width: 1024px) 100vw, 1024px\" \/><\/figure>\n\n\n\n<figure class=\"wp-block-image alignwide size-large\"><img decoding=\"async\" loading=\"lazy\" width=\"1024\" height=\"730\" src=\"http:\/\/schule.obs-flotwedel.de\/wp-content\/uploads\/2021\/03\/Flyer_OBS_Flotwedel_21-1-1024x730.jpg\" alt=\"\" class=\"wp-image-924\" srcset=\"http:\/\/schule.obs-flotwedel.de\/wp-content\/uploads\/2021\/03\/Flyer_OBS_Flotwedel_21-1-1024x730.jpg 1024w, http:\/\/schule.obs-flotwedel.de\/wp-content\/uploads\/2021\/03\/Flyer_OBS_Flotwedel_21-1-300x214.jpg 300w, http:\/\/schule.obs-flotwedel.de\/wp-content\/uploads\/2021\/03\/Flyer_OBS_Flotwedel_21-1-150x107.jpg 150w, http:\/\/schule.obs-flotwedel.de\/wp-content\/uploads\/2021\/03\/Flyer_OBS_Flotwedel_21-1-768x547.jpg 768w, http:\/\/schule.obs-flotwedel.de\/wp-content\/uploads\/2021\/03\/Flyer_OBS_Flotwedel_21-1-1536x1095.jpg 1536w, http:\/\/schule.obs-flotwedel.de\/wp-content\/uploads\/2021\/03\/Flyer_OBS_Flotwedel_21-1.jpg 1789w\" sizes=\"(max-width: 1024px) 100vw, 1024px\" \/><\/figure>\n","protected":false},"excerpt":{"rendered":"<p>Anl\u00e4sslich einer Schulstrukturreform im Landkreis Celle wurde am 01.08.2012 die Oberschule Flotwedel in Eicklingen eingerichtet. Gestartet wurde mit einem neu zusammengesetzten Kollegium der ehemaligen Realschule &hellip; <\/p>\n","protected":false},"author":1,"featured_media":0,"parent":0,"menu_order":0,"comment_status":"closed","ping_status":"closed","template":"","meta":{"footnotes":""},"_links":{"self":[{"href":"http:\/\/schule.obs-flotwedel.de\/index.php?rest_route=\/wp\/v2\/pages\/282"}],"collection":[{"href":"http:\/\/schule.obs-flotwedel.de\/index.php?rest_route=\/wp\/v2\/pages"}],"about":[{"href":"http:\/\/schule.obs-flotwedel.de\/index.php?rest_route=\/wp\/v2\/types\/page"}],"author":[{"embeddable":true,"href":"http:\/\/schule.obs-flotwedel.de\/index.php?rest_route=\/wp\/v2\/users\/1"}],"replies":[{"embeddable":true,"href":"http:\/\/schule.obs-flotwedel.de\/index.php?rest_route=%2Fwp%2Fv2%2Fcomments&post=282"}],"version-history":[{"count":9,"href":"http:\/\/schule.obs-flotwedel.de\/index.php?rest_route=\/wp\/v2\/pages\/282\/revisions"}],"predecessor-version":[{"id":1521,"href":"http:\/\/schule.obs-flotwedel.de\/index.php?rest_route=\/wp\/v2\/pages\/282\/revisions\/1521"}],"wp:attachment":[{"href":"http:\/\/schule.obs-flotwedel.de\/index.php?rest_route=%2Fwp%2Fv2%2Fmedia&parent=282"}],"curies":[{"name":"wp","href":"https:\/\/api.w.org\/{rel}","templated":true}]}}

Über uns

<p class="has-text-align-center">Anlässlich einer Schulstrukturreform im Landkreis Celle wurde am 01.08.2012 die Oberschule Flotwedel in Eicklingen eingerichtet. Gestartet wurde mit einem neu zusammengesetzten Kollegium der ehemaligen Realschule Flotwedel und der Hauptschule Eicklingen sowie einigen neuen Kollegen und Kolleginnen. Die Realschule und die Hauptschule wurden im Zuge der Neugründung aufgelöst. Begonnen wurde mit drei Oberschulklassen in Klasse 5, jeweils drei Realschulklassen und zwei Hauptschulklassen in den höheren Jahrgängen.</p>



<p class="has-text-align-center">Außerdem wurde mit dem teilgebundenen Nachmittagsunterricht im Ganztag (dienstags und donnerstags) begonnen und die Lernzeit sowie Klassenprofile ins Leben gerufen.</p>



<p class="has-text-align-center">Im Frühjahr 2014 hat sich die Oberschule Flotwedel für die jahrgangsbezogene Beschulung der Schülerinnen und Schüler entschieden. Das heißt, dass die Fächer Deutsch, Mathematik und Englisch ab Klasse 7 differenziert in G- (Grundniveau) und E-Kursen (Erweiterungsniveau) unterrichtet werden. Seit dem Frühjahr 2016 wird das Fach Physik ab dem 9. Jahrgang ebenfalls differenziert unterrichtet.</p>



<p class="has-text-align-center">Nachdem 2016 der letzte Hauptschuljahrgang und 2017 der letzte Realschuljahrgang entlassen wurde, folgte im Sommer 2018 der erste Oberschuljahrgang.</p>



<p class="has-text-align-center">Mit ca. 360 Schülerinnen und Schülern&nbsp;&nbsp;in 19 Klassen, die von den Grundschulen Eicklingen, Wienhausen und Langlingen kommen und 38 Lehrkräften, ist die Oberschule Flotwedel mittlerweile die einzige Oberschule im Landkreis Celle, die jahrgangsbezogen und nicht schulzweigbezogen unterrichtet.</p>



<div class="wp-block-file aligncenter"><a id="wp-block-file--media-bd79a167-0ee4-4f48-9f19-c3bc47d6eded" href="http://schule.obs-flotwedel.de/wp-content/uploads/2020/11/Präsentation-OBS-Flotwedel.pdf"><br>Hier können Sie sich eine Präsentation mit den wichtigsten Informationen rund um die Oberschule Flotwedel </a><a href="http://schule.obs-flotwedel.de/wp-content/uploads/2020/11/Präsentation-OBS-Flotwedel.pdf" class="wp-block-file__button" download aria-describedby="wp-block-file--media-bd79a167-0ee4-4f48-9f19-c3bc47d6eded">Herunterladen</a></div>



<figure class="wp-block-image alignwide size-large"><img decoding="async" loading="lazy" width="1024" height="730" src="http://schule.obs-flotwedel.de/wp-content/uploads/2021/03/Flyer_OBS_Flotwedel_21-1024x730.jpg" alt="" class="wp-image-923" srcset="http://schule.obs-flotwedel.de/wp-content/uploads/2021/03/Flyer_OBS_Flotwedel_21-1024x730.jpg 1024w, http://schule.obs-flotwedel.de/wp-content/uploads/2021/03/Flyer_OBS_Flotwedel_21-300x214.jpg 300w, http://schule.obs-flotwedel.de/wp-content/uploads/2021/03/Flyer_OBS_Flotwedel_21-150x107.jpg 150w, http://schule.obs-flotwedel.de/wp-content/uploads/2021/03/Flyer_OBS_Flotwedel_21-768x547.jpg 768w, http://schule.obs-flotwedel.de/wp-content/uploads/2021/03/Flyer_OBS_Flotwedel_21-1536x1095.jpg 1536w, http://schule.obs-flotwedel.de/wp-content/uploads/2021/03/Flyer_OBS_Flotwedel_21.jpg 1789w" sizes="(max-width: 1024px) 100vw, 1024px" /></figure>



<figure class="wp-block-image alignwide size-large"><img decoding="async" loading="lazy" width="1024" height="730" src="http://schule.obs-flotwedel.de/wp-content/uploads/2021/03/Flyer_OBS_Flotwedel_21-1-1024x730.jpg" alt="" class="wp-image-924" srcset="http://schule.obs-flotwedel.de/wp-content/uploads/2021/03/Flyer_OBS_Flotwedel_21-1-1024x730.jpg 1024w, http://schule.obs-flotwedel.de/wp-content/uploads/2021/03/Flyer_OBS_Flotwedel_21-1-300x214.jpg 300w, http://schule.obs-flotwedel.de/wp-content/uploads/2021/03/Flyer_OBS_Flotwedel_21-1-150x107.jpg 150w, http://schule.obs-flotwedel.de/wp-content/uploads/2021/03/Flyer_OBS_Flotwedel_21-1-768x547.jpg 768w, http://schule.obs-flotwedel.de/wp-content/uploads/2021/03/Flyer_OBS_Flotwedel_21-1-1536x1095.jpg 1536w, http://schule.obs-flotwedel.de/wp-content/uploads/2021/03/Flyer_OBS_Flotwedel_21-1.jpg 1789w" sizes="(max-width: 1024px) 100vw, 1024px" /></figure>

<p>Anlässlich einer Schulstrukturreform im Landkreis Celle wurde am 01.08.2012 die Oberschule Flotwedel in Eicklingen eingerichtet. Gestartet wurde mit einem neu zusammengesetzten Kollegium der ehemaligen Realschule &hellip; </p>
