{"id":853,"date":"2020-12-21T15:12:55","date_gmt":"2020-12-21T15:12:55","guid":{"rendered":"http:\/\/schule.obs-flotwedel.de\/?page_id=853"},"modified":"2020-12-21T15:12:55","modified_gmt":"2020-12-21T15:12:55","slug":"infotruck-der-me-industrie","status":"publish","type":"page","link":"http:\/\/schule.obs-flotwedel.de\/?page_id=853","title":{"rendered":"Infotruck der M+E Industrie"},"content":{"rendered":"\n<figure class=\"wp-block-table is-style-stripes\"><table><tbody><tr><td><strong>Infotruck der M+E Industrie<\/strong><\/td><\/tr><tr><td><strong>Ziel:&nbsp;<\/strong><\/td><td>Einblick in die Berufsfelder erhalten<\/td><\/tr><tr><td><strong>Fachbezug:&nbsp;<\/strong><\/td><td>Wirtschaft, Technik,<\/td><\/tr><tr><td><strong>Partner:<\/strong><\/td><td>Stiftung NiedersachsenMetall<\/td><\/tr><tr><td><strong>Beschreibung:<\/strong><\/td><td>Die Sch\u00fclerInnen des 8. Jahrgangs besuchen das Infomobil in Kleingruppen und erhalten einen Einblick in die technischen Berufsfelder. Die Sch\u00fclerInnen erleben erste Einblicke in die Berufe der Metall- und Elektroindustrie, dabei sollen St\u00e4rken und Neigungen erkannt werden. Die Veranstaltung dauert zwei Schulstunden und erm\u00f6glicht z.B. die Programmierung einer CNC-Maschine, einen Einblick in die moderne Industrie anhand des Cobot oder auch eine Einf\u00fchrung in die Pneumatik.&nbsp;<\/td><\/tr><tr><td><strong>Evaluation:&nbsp;<\/strong><\/td><td>Auswertung der verschiedenen Besuche im Rahmen des jeweiligen Unterrichts<\/td><\/tr><\/tbody><\/table><\/figure>\n","protected":false},"excerpt":{"rendered":"<p>Infotruck der M+E Industrie Ziel:&nbsp; Einblick in die Berufsfelder erhalten Fachbezug:&nbsp; Wirtschaft, Technik, Partner: Stiftung NiedersachsenMetall Beschreibung: Die Sch\u00fclerInnen des 8. Jahrgangs besuchen das Infomobil &hellip; <\/p>\n","protected":false},"author":1,"featured_media":0,"parent":0,"menu_order":0,"comment_status":"closed","ping_status":"closed","template":"","meta":{"footnotes":""},"_links":{"self":[{"href":"http:\/\/schule.obs-flotwedel.de\/index.php?rest_route=\/wp\/v2\/pages\/853"}],"collection":[{"href":"http:\/\/schule.obs-flotwedel.de\/index.php?rest_route=\/wp\/v2\/pages"}],"about":[{"href":"http:\/\/schule.obs-flotwedel.de\/index.php?rest_route=\/wp\/v2\/types\/page"}],"author":[{"embeddable":true,"href":"http:\/\/schule.obs-flotwedel.de\/index.php?rest_route=\/wp\/v2\/users\/1"}],"replies":[{"embeddable":true,"href":"http:\/\/schule.obs-flotwedel.de\/index.php?rest_route=%2Fwp%2Fv2%2Fcomments&post=853"}],"version-history":[{"count":1,"href":"http:\/\/schule.obs-flotwedel.de\/index.php?rest_route=\/wp\/v2\/pages\/853\/revisions"}],"predecessor-version":[{"id":854,"href":"http:\/\/schule.obs-flotwedel.de\/index.php?rest_route=\/wp\/v2\/pages\/853\/revisions\/854"}],"wp:attachment":[{"href":"http:\/\/schule.obs-flotwedel.de\/index.php?rest_route=%2Fwp%2Fv2%2Fmedia&parent=853"}],"curies":[{"name":"wp","href":"https:\/\/api.w.org\/{rel}","templated":true}]}}