{"id":874,"date":"2020-12-21T15:19:41","date_gmt":"2020-12-21T15:19:41","guid":{"rendered":"http:\/\/schule.obs-flotwedel.de\/?page_id=874"},"modified":"2020-12-21T15:19:41","modified_gmt":"2020-12-21T15:19:41","slug":"schuelerfirmen","status":"publish","type":"page","link":"http:\/\/schule.obs-flotwedel.de\/?page_id=874","title":{"rendered":"Sch\u00fclerfirmen"},"content":{"rendered":"\n<figure class=\"wp-block-table is-style-stripes\"><table><tbody><tr><td><strong>Sch\u00fclerfirmen<\/strong><\/td><\/tr><tr><td><strong>Ziel:&nbsp;<\/strong><\/td><td>Praxisorientierte Erkundung der Arbeitswelt<\/td><\/tr><tr><td><strong>Fachbezug:&nbsp;<\/strong><\/td><td>Wirtschaft, Hauswirtschaft, Mathematik<\/td><\/tr><tr><td><strong>Partner:<\/strong><\/td><td>keine<\/td><\/tr><tr><td><strong>Beschreibung:<\/strong><\/td><td>Die Sch\u00fclerInnen haben ab der 9. Klasse die Wahl, sich nicht nur f\u00fcr die Profile \u201eTechnik\u201c und \u201eGesundheit und Soziales\u201c zu bewerben, sondern k\u00f6nnen sich auch f\u00fcr eine der zwei bestehenden Sch\u00fclerfirmen bewerben. Diese decken das Profil Wirtschaft ab und gestalten den Unterricht m\u00f6glichst praxisnah, um den Sch\u00fclerInnen einen Einblick in bestimmte Berufsfelder zu erm\u00f6glichen und sie auf grundlegende berufliche Anforderungen vorzubereiten, z.B. Sauberkeit, sorgf\u00e4ltiges Arbeiten, Teamarbeit, Organisieren von Arbeitsabl\u00e4ufen, Probleml\u00f6sungen etc.<\/td><\/tr><tr><td><strong>Evaluation:&nbsp;<\/strong><\/td><td>Auswertung durch Teamgespr\u00e4che zwischen den betreuenden Lehrkr\u00e4ften und den Sch\u00fclerInnen im Rahmen des jeweiligen Unterrichts<\/td><\/tr><\/tbody><\/table><\/figure>\n","protected":false},"excerpt":{"rendered":"<p>Sch\u00fclerfirmen Ziel:&nbsp; Praxisorientierte Erkundung der Arbeitswelt Fachbezug:&nbsp; Wirtschaft, Hauswirtschaft, Mathematik Partner: keine Beschreibung: Die Sch\u00fclerInnen haben ab der 9. Klasse die Wahl, sich nicht nur &hellip; <\/p>\n","protected":false},"author":1,"featured_media":0,"parent":0,"menu_order":0,"comment_status":"closed","ping_status":"closed","template":"","meta":{"footnotes":""},"_links":{"self":[{"href":"http:\/\/schule.obs-flotwedel.de\/index.php?rest_route=\/wp\/v2\/pages\/874"}],"collection":[{"href":"http:\/\/schule.obs-flotwedel.de\/index.php?rest_route=\/wp\/v2\/pages"}],"about":[{"href":"http:\/\/schule.obs-flotwedel.de\/index.php?rest_route=\/wp\/v2\/types\/page"}],"author":[{"embeddable":true,"href":"http:\/\/schule.obs-flotwedel.de\/index.php?rest_route=\/wp\/v2\/users\/1"}],"replies":[{"embeddable":true,"href":"http:\/\/schule.obs-flotwedel.de\/index.php?rest_route=%2Fwp%2Fv2%2Fcomments&post=874"}],"version-history":[{"count":1,"href":"http:\/\/schule.obs-flotwedel.de\/index.php?rest_route=\/wp\/v2\/pages\/874\/revisions"}],"predecessor-version":[{"id":875,"href":"http:\/\/schule.obs-flotwedel.de\/index.php?rest_route=\/wp\/v2\/pages\/874\/revisions\/875"}],"wp:attachment":[{"href":"http:\/\/schule.obs-flotwedel.de\/index.php?rest_route=%2Fwp%2Fv2%2Fmedia&parent=874"}],"curies":[{"name":"wp","href":"https:\/\/api.w.org\/{rel}","templated":true}]}}